0*p - 10. Let t = 13 - 7. Let r(q) = -8*q + 44. Let w be r(t). What is the units digit of f(w)?
0
Suppose 5*s = -b - 14, -2*s = 3*s + 25. Suppose 6 - b = -p. Suppose -p*h = -6*h + 125. What is the units digit of h?
5
Let v be 459/(-6)*(20/15 + -2). Let y = 83 - v. Suppose -y*k + 31*k + 236 = 0. What is the units digit of k?
6
Suppose -3*t - 3*p + 56 = -16, 0 = -5*t - 3*p + 124. Let z(i) = i**3 - 24*i**2 - 37*i + 36. What is the units digit of z(t)?
6
Suppose -4*g + 79*i = 77*i - 102746, 77053 = 3*g + 5*i. What is the tens digit of g?
8
Let t(o) = -o**3 + 5*o**2 - 5*o + 1. Let m be t(2). Suppose y - m*u = 108, 4*u - 148 + 5 = -y. Suppose -y = -2*n + 89. What is the hundreds digit of n?
1
Let n = -4611 + 12704. What is the units digit of n?
3
Let w = -12004 + 16836. What is the units digit of w?
2
Let x(r) = 1117*r**2 - 174*r - 1184. What is the hundreds digit of x(-7)?
7
Let y be (-3)/2*(-1 - 5). Suppose y*h - 12*h = -198. What is the tens digit of h?
6
Suppose k = 8 - 11, -i + 5*k = -4161. What is the units digit of i?
6
Let l = 70490 + -19403. What is the tens digit of l?
8
Let l = -9087 - -20512. What is the thousands digit of l?
1
Let t = -94 - -96. Suppose 0 = -2*k - 2*r + 84, 0 = t*k - 3*r + r - 88. Let z = -24 + k. What is the units digit of z?
9
What is the thousands digit of 10036 - (153/17 + -1 + 2)?
0
Let m be (-4453)/(-2) - 114/(-76). Suppose -8*i = -m + 268. What is the hundreds digit of i?
2
Let n = -2789 + 23798. What is the hundreds digit of n?
0
Let y be 10/(-25) - (-434)/10. Suppose 0 = 3*g + 87 - 6. Let k = y + g. What is the units digit of k?
6
Let f(b) = -1584*b + 160. What is the hundreds digit of f(-8)?
8
Suppose -35 = -3*j + 4*i, -i = 3*j + 4*i - 17. Suppose j*z - 1932 = -5*z. What is the hundreds digit of z?
1
Suppose -59084 - 36088 = -3*r + 3*d, -r + 31704 = 3*d. What is the thousands digit of r?
1
Let p = 16 - 15. Let i(o) = 12*o - 148. Let l be i(12). What is the hundreds digit of (-6 - l)/p - -106?
1
Let j(z) = 74*z + 1. Let y(l) = -3*l**3 - 3*l**2 - l + 1. Suppose 5*p = 2*n + 22, -10*n = -6*n - 2*p + 12. Let h be y(n). What is the units digit of j(h)?
9
Let c(b) = 2*b**3 - 15*b**2 - 3*b + 35. Suppose -10 - 34 = -4*y. What is the hundreds digit of c(y)?
8
Suppose t = -29*t + 52260. Let p = -704 + t. What is the hundreds digit of p?
0
Let o = 19531 + -13496. What is the hundreds digit of o?
0
Suppose -4*c - 3*i + 4165 = 0, -4*i + 4168 = 7*c - 3*c. Suppose -9489 = -7*o + c. What is the hundreds digit of o?
5
Let a be 1612/91 - 6/(-21). Suppose -592 = a*m - 6550. What is the tens digit of m?
3
Suppose -2*c - 374 = -2538. What is the hundreds digit of c?
0
Suppose 0 = 17*s - 5*s - 12240. Suppose 53*z + s = 65*z. What is the tens digit of z?
8
Suppose -5*d - 3*i + 2033 + 1000 = 0, 2*d - 1207 = 5*i. Suppose 610*p = d*p + 2548. What is the hundreds digit of p?
6
Let c(n) = 789*n**3 - 7*n + 16. What is the thousands digit of c(3)?
1
Let i(n) = -n**2 - 6*n + 11. Let x be i(-7). Suppose 2183 = 5*p - x*a, -11*a + 7*a + 890 = 2*p. What is the tens digit of p?
3
Suppose 180 = -43*w + 37*w. What is the tens digit of (78/(-2))/(5/w)?
3
Let a = 14541 - 17386. Let s be (0 - 0)/1 + -15. What is the hundreds digit of (-3)/s + a/(-25)?
1
Let a = -235 - -247. What is the tens digit of 4258/a - (235/30 - 8)?
5
Let x(k) = -2*k**2 - 23*k - 6. Let h(g) = g**2 - g + 1. Let z(f) = -f - 10. Let w be z(-7). Let u(v) = w*h(v) - x(v). What is the tens digit of u(11)?
6
Suppose 2*t - 29 = s, -2*t + t - 3*s = -11. Let r(w) = -3 - 36 + 9 + 14*w. What is the hundreds digit of r(t)?
1
Suppose -551*u = -489*u - 76384. What is the tens digit of u?
3
Suppose -10*a - 2 = -112. Suppose -a*i = 5*i. Suppose i = -2*p + 89 + 91. What is the units digit of p?
0
Let i(b) be the second derivative of b**4/12 - b**3 + 14*b**2 + 31*b. What is the units digit of i(7)?
5
Let i(z) be the second derivative of z**4/6 + 2*z**3/3 + 7*z**2/2 - 2*z + 1. What is the hundreds digit of i(14)?
4
Suppose 0 = 3*n - 3*p - 216, 6*p - 3*p = 0. What is the tens digit of 1/(-4) + 12330/n?
7
Let y be ((-2314)/(-39))/(2/(-6)). Let c = y - -70. What is the units digit of 2/(-9) + (-10068)/c?
3
Suppose 6*f + 0*f = 5988. Let c = f + -626. What is the hundreds digit of c?
3
Let h(d) = 15*d**2 + 168*d - 58. What is the units digit of h(43)?
1
Suppose -5*w - 5*q + 9 = -1, -3*q - 6 = 0. Let b = w - -81. What is the units digit of b?
5
What is the hundreds digit of (26/(234/27) - 1*5) + 21532?
5
Suppose 8*z = -4*b + 21406 + 3586, -3*b + 18709 = -z. What is the thousands digit of b?
6
Let s = 15992 + -6005. What is the thousands digit of s?
9
Suppose 0 = 12*i - 3*i - 270. Suppose -31*n + i*n + 4 = 0. Suppose -3*c + 104 = -n*b - 40, 0 = 2*c + 2*b - 82. What is the tens digit of c?
4
Let m(v) = 2538*v**2. Let k be m(1). Suppose k = 5*i + 538. What is the tens digit of i?
0
Suppose 47*u - 54*u = 13412. Let x = -1009 - u. What is the tens digit of x?
0
Let j be 4/30 - 406/(-105). Let i(w) = 75*w + 36. What is the tens digit of i(j)?
3
Let v = -215 - -206. Let m(j) = -38*j. What is the hundreds digit of m(v)?
3
Suppose 6*i = -0*i - 144. Let x = -32 - i. What is the tens digit of 4/x + 43/2?
2
Let u = -27806 + 86206. What is the tens digit of u?
0
Let d(w) = 9*w**2 + w - 29. Let f be d(-8). Suppose 535*c + 688 = f*c. What is the tens digit of c?
7
Let v(r) = 97*r - 47. Suppose 0 = -4*i + 5*d + 8, 0*i + 4*i = -3*d + 40. What is the hundreds digit of v(i)?
6
Let o be (-220)/(-15) - (-8)/(-12). Let x be (-2)/6 + o/6. Suppose -4*h + 194 = 2*d - x*h, 2*d - 194 = -4*h. What is the units digit of d?
7
Suppose 67 - 16 = 17*q. Suppose -16*b + 4*a + 1414 = -14*b, -2*a = -q*b + 2113. What is the hundreds digit of b?
7
Let m(l) = 79*l**2 - 19*l + 189. What is the units digit of m(10)?
9
Let y = 992 + -2399. Let d = 2351 + y. What is the tens digit of d?
4
Let v = 19686 - 15877. What is the units digit of v?
9
Suppose -18*l + 16*l = -492. Suppose 0 = -17*h + 12*h - 10, 3*h + l = 3*v. What is the units digit of v?
0
Suppose -r + c + 375 = 0, -5*c - 308 = -r + 79. Let t = -254 + r. What is the hundreds digit of t?
1
Suppose 10*h = 45*h - 916405. What is the thousands digit of h?
6
Let j = 16781 + 29783. What is the ten thousands digit of j?
4
Let x(y) = -1169*y + 4612. What is the hundreds digit of x(-12)?
6
Let w(g) = 34*g**3 + 79*g**2 - 5. What is the thousands digit of w(9)?
1
Let b(n) = n**3 - 79*n**2 + 220*n + 187. What is the tens digit of b(78)?
6
Suppose -5*h - m = 0, 4*m = 2*h - 3*h. Suppose 3*f + v + 45 = h, 2*v - 3*v = -3*f - 51. Let l = 23 - f. What is the tens digit of l?
3
Suppose o = 4*y - 194200, -194160 = -11*y + 7*y - 4*o. What is the tens digit of y?
4
Let f(g) = 29*g + 1. Let n be f(-1). Let s = 12 + n. Let b = s - -24. What is the units digit of b?
8
Let g be (28/(-35))/(3/(-15)). Suppose 0 = 4*r - 2*j - 728, -5*r - g*j + 7 = -890. Suppose 7*b - r = 512. What is the units digit of b?
9
Let j = 198 + 147. Suppose -w + 2*w - j = 0. Suppose 0*p = 5*p - w. What is the tens digit of p?
6
What is the thousands digit of ((-3282)/(-15))/((-4)/((-100)/5))?
1
Let h be (-3 + 245)*5/(-10). Let u = h + 649. What is the units digit of u?
8
Let k be 17/(-2)*(0 - 2). Let f = k + -20. Let j(q) = 6*q**2 - q - 6. What is the units digit of j(f)?
1
Let i(g) = 299*g**3 - 4*g**2 + 36*g - 109. What is the tens digit of i(3)?
3
Let l(m) = -6666*m + 292. What is the hundreds digit of l(-5)?
6
Let q be (-1)/((5 + 26/(-4))/(-282)). Let k = q - -705. What is the tens digit of k?
1
Suppose -3*b - 1 = -2*r + 9, r + 34 = -5*b. Let t = 108 - b. What is the units digit of t?
4
Let l(x) = x**2 - x + 2. Suppose 76 - 78 = -h. Suppose h*g = -2, 4*g + 11 = -3*n - 11. What is the tens digit of l(n)?
4
Let o(j) = 189*j**2 + 11*j + 27. What is the units digit of o(-9)?
7
Let c = -184 + 314. Suppose 24*y = c + 182. What is the units digit of y?
3
Let b = 1894 + 4486. What is the thousands digit of b?
6
Let q = 754 - 26. Let i = q - 419. What is the units digit of i?
9
Suppose -47*x + 122752 = -15*x. What is the hundreds digit of x?
8
Let c be ((-17)/51)/((-2)/(-36)). What is the units digit of 5 + c + -4 + 213?
8
Let j(m) = 3*m**2 - 9*m - 7. Let a(w) = -5*w + 5. Let t = -27 + 29. Let k be a(t). What is the units digit of j(k)?
3
Sup